-7*o = -62*o + 140800. What are the prime factors of o?
2, 5
Suppose -4*l = 2*t - 690, 2*l - 330 = -4*t - 0*t. Let w = l - 62. List the prime factors of w.
113
List the prime factors of ((455/(-14))/(-5))/((-1)/(-542)).
13, 271
Let u = 3216 + -1519. List the prime factors of u.
1697
Suppose -3*l + 66 = -0*l. Let p = l - 20. Suppose -114 = -i - i + p*h, -4 = h. What are the prime factors of i?
53
Suppose 0*x - 2*x - 54 = 0. Let v be 414/x - 1/(-3). Let r = -4 - v. List the prime factors of r.
11
Let p be ((-8)/3)/(6/27). Let c be p/(-8) - (-6)/4. Suppose 0 = 3*t - 6, c*t - 42 = -2*y - 2*y. What are the prime factors of y?
3
Let z(t) = t**3 - 29*t**2 + 9*t + 497. List the prime factors of z(34).
29, 227
Let g = 2 + 7. Let w be (9/3)/(g/12). Suppose j - w*f - 28 = 0, -2*j + 2*f + 2*f = -48. List the prime factors of j.
2, 5
Let q(r) = 11*r**2 + 10*r + 12. Let b be q(-5). Suppose -b = -2*k - 3*c, 0*k + 5*k - 4*c = 604. List the prime factors of k.
2, 3, 5
Let l be (0*(14/(-4) + 4))/1. Let o = -1 - -3. Suppose -o*j - 3*j + 220 = l. List the prime factors of j.
2, 11
Suppose -33 - 48 = -d. Suppose d + 3 = 4*f. Let w = f + -2. List the prime factors of w.
19
Let c(a) = a**2 + 5*a - 3. Let k(p) = 4*p - 3. Let d(l) = -2*c(l) + 3*k(l). Let f(g) be the first derivative of d(g). List the prime factors of f(-4).
2, 3
List the prime factors of (-6 - ((-29685)/2)/15)*4.
2, 7, 281
Let h(f) = 7*f - 43. Let j be h(6). List the prime factors of ((j - 3)*(-7 - -42))/(-1).
2, 5, 7
Let b be (-3)/(-6) - (-171)/(-6). List the prime factors of (-8175)/(-35) + (-12)/b.
2, 3, 13
Let k(a) = a + 3. Let b be k(3). Let h be 28/(-6)*9/b. What are the prime factors of 68/3 + h/(-21)?
23
Let v be 286/33*(1 - 4). Suppose 5*d - p - 265 = 3*p, 5*d + 3*p = 230. Let z = v + d. What are the prime factors of z?
23
Let h = 40 - 38. Let f(k) = -2*k + 4. Let o be f(-3). Let y = o + h. List the prime factors of y.
2, 3
What are the prime factors of (-1 + 9)*(22 - 3 - -4)?
2, 23
Let i(g) = 33*g**3 - 5*g**2 - 10*g + 3. What are the prime factors of i(4)?
3, 5, 7, 19
Let u(f) = -4 - 2*f - 1 - 9*f - 2*f. Let p be u(3). Let j = -35 - p. List the prime factors of j.
3
Suppose -9*f - 2549 + 8390 = 0. What are the prime factors of f?
11, 59
Let x(b) = 209*b**3 - 2*b**2 - 8*b + 5. What are the prime factors of x(2)?
3, 19, 29
Let a(y) = -10*y + 4*y**2 + 7*y**2 - 7*y**2 - 1. List the prime factors of a(6).
83
Suppose 21*f - 10*f = 1210. What are the prime factors of f?
2, 5, 11
Let q = 45 - 31. Suppose -15*x + q*x = -109. List the prime factors of x.
109
Suppose 0 = 10*r - 785 - 32495. List the prime factors of r.
2, 13
Let y(k) = -k**3 + k**2 + 3*k + 4. Let f be y(3). Let c(u) = -11*u - 12. List the prime factors of c(f).
43
Let m(d) = d**3 - 11*d**2 - 13*d - 2. Let r be m(12). Suppose -3*h = -5*y - 0*h - 95, 3*y - 4*h + 57 = 0. Let n = r - y. What are the prime factors of n?
5
List the prime factors of -98*(-1 - -3 - (-5)/(-2)).
7
Let j = -37 + 628. What are the prime factors of j?
3, 197
Let b(c) = 28*c**2 + 19*c - 41. List the prime factors of b(4).
3, 7, 23
What are the prime factors of (-1)/(3/(-7587)) + -2?
7, 19
Let z = -520 + 903. Let a = z + -249. What are the prime factors of a?
2, 67
Suppose t - 4*n = 23, t + 3*n + 9 = -3. Suppose -d + 104 = 4*w, 4*d = t*d + w + 79. What are the prime factors of d?
2, 3, 7
Let i be 2/(-6) + 2/6. Suppose 0*t - t + 13 = i. Suppose -m + 36 = t. What are the prime factors of m?
23
Suppose -n + 1690 = 2*w, 0*w = -w - 3*n + 850. What are the prime factors of w?
2, 211
Suppose -598 + 5096 = 4*o + 3*z, 0 = -o - z + 1125. What are the prime factors of o?
1123
Let i(d) = 4*d**3 + 5*d**2 + 13*d + 1. Let b(a) = 5*a**3 + 4*a**2 + 14*a + 2. Let o(r) = 3*b(r) - 4*i(r). List the prime factors of o(-8).
2, 41
Let v = -2 - -11. Suppose 3*j - 22 = -4*d, -4*d - j = -2*j - 14. Suppose -d*x + 15 = -v. List the prime factors of x.
2, 3
Suppose -14*p = -1523 - 2831. What are the prime factors of p?
311
Let q(p) = -p**2 - 15*p - 14. Let y be q(-13). Let m be 14 - -2*(-2 + 1). Suppose 16*a - m = y*a. What are the prime factors of a?
3
Suppose 5*o - 5243 + 897 = 4*j, -5*o - j = -4326. What are the prime factors of o?
2, 433
Let t be -1 + -268 + -2 + 4. Let j = -140 - t. What are the prime factors of j?
127
Suppose 0 = 3*d + 3, 0*t + 2*t + 2*d - 4 = 0. Let o = -11 - -11. Suppose -t*m + 0*m + 60 = o. What are the prime factors of m?
2, 5
Let j = -5562 - -8533. What are the prime factors of j?
2971
Suppose 4*k + 238 = -3*k. Let i = 92 + k. What are the prime factors of i?
2, 29
Let c be 3 - (2 - 2 - -5). Let s(h) = -h. Let w be s(c). Suppose 0 = -2*b - w*b + 60. What are the prime factors of b?
3, 5
Suppose 0 = -4*c - c + 3*b + 1552, 5*c - 1550 = 5*b. List the prime factors of c.
311
Let b(y) be the third derivative of -2/3*y**4 + 0*y + 3*y**2 - 3*y**3 + 0 - 1/60*y**5. List the prime factors of b(-10).
2, 3, 7
Suppose 25*f - 30024 - 6601 = 0. What are the prime factors of f?
5, 293
Let u(g) = 185*g - 162. List the prime factors of u(7).
11, 103
Suppose 37296 = 497*j - 479*j. List the prime factors of j.
2, 7, 37
List the prime factors of (-19)/19 + 780/3.
7, 37
Let a(t) = 37*t - 1. Let n be a(2). Let g be -2 + (-75)/(-35) + 162/42. Suppose g*p = -2*s + n + 37, -4*s - 2*p + 244 = 0. What are the prime factors of s?
3, 7
Let l = -10 - 0. Let c be (-3 - l - 4) + -3. Suppose -5*v - 164 = -4*n + 2, 5*n - 5*v - 210 = c. List the prime factors of n.
2, 11
Suppose -x + 3970 = 4*x. What are the prime factors of x?
2, 397
Let o(h) = 18*h. Let k be o(1). Suppose 4*x - k = 66. Let i = 32 - x. What are the prime factors of i?
11
Suppose -27*k + 25*k - 82 = 0. Let c = k - -73. What are the prime factors of c?
2
Suppose 5*h = 2*y + 44, 0 = 2*h - 5*y + 2*y - 11. Let u = h + -22. Let p(v) = -v - 7. List the prime factors of p(u).
5
Let d(n) = -4*n + 4. Let l be d(3). Let h = 17 + 1. Let y = l + h. List the prime factors of y.
2, 5
Suppose -k = -3*k + 80. Let o be k/12 - (-2)/3. Suppose q - 3*c - 31 = -0*q, 3*q - o*c - 93 = 0. List the prime factors of q.
31
Let t = 23 + -9. Let b be (28/3)/(t/21). Suppose -2*x = 2*l - 0*x - b, 2*x = -4*l + 36. What are the prime factors of l?
11
Let a be -3 - (3*-1 + 3 + -2). What are the prime factors of (-1 - a) + (3 - -4) - 1?
2, 3
Let q(b) = b**3 + b**2 - 3*b - 2. Let w be q(-2). Suppose w = -3*s - s + 20. Suppose -2*p + 74 = -0*g + 3*g, -4*g = -s*p - 137. What are the prime factors of g?
2, 7
Let d(r) = -r**3 - 7*r**2 + 7*r - 5. Let u be d(-8). Suppose 48 = 9*i + 7*i. Suppose -n + 5*z = -38, -i*n + 136 = -u*z - z. What are the prime factors of n?
2, 3
Let m = -174 - -206. List the prime factors of m.
2
Suppose 0 = -d + 4, -5*d = -2*i + 5*i - 56. List the prime factors of i.
2, 3
Suppose 441 + 286 = r. What are the prime factors of r?
727
Let p(v) = v**3 - 8*v**2 + 18*v - 82. What are the prime factors of p(8)?
2, 31
Let x(q) = -q**2 - 12*q - 9. Let w be x(-11). Suppose -w*h + i = -h - 6, 5*h = i + 22. Suppose -h*a = -8*a + 72. List the prime factors of a.
2, 3
Let q(r) be the first derivative of -2*r**2 + 1. Let c be 224/(-48) - 3/(9/(-2)). List the prime factors of q(c).
2
Let q(w) = -w + 6. Let m be q(2). Let p be 253/(-77) - m/(-14). Let a = p - -6. List the prime factors of a.
3
Let g = 79 + -34. List the prime factors of (-4)/30 + 6216/g.
2, 3, 23
Let o = -57 + 59. Suppose 5*x - o*b - 1872 = -618, 0 = 2*x + 4*b - 516. List the prime factors of x.
2, 3, 7
Let v = -1063 + 1570. List the prime factors of v.
3, 13
Let a(m) = 6*m**3 + 3*m**2 - 10*m + 3. Let v be a(4). Let g = v + -230. What are the prime factors of g?
3, 5, 11
Let f be 3*(2/(-6) - -1). Let o be (0/(-1))/(1 + -3). Suppose -f*i + 42 = -o*i. What are the prime factors of i?
3, 7
Let r be 6 - (2 + (-1 - -1)). Let z = -7 + 5. Let l = r + z. List the prime factors of l.
2
Let k = -293 + 864. List the prime factors of k.
571
Let i = -39 - -43. Suppose w = 3*m - 70, 3*w + 45 + 55 = i*m. List the prime factors of m.
2, 11
Let b(y) = -y**3 + 8*y**2 - 13*y + 3. Let t be b(6). List the prime factors of 3*50 - (-2 + (-9)/t).
149
Let u be 1 + 6 - (-8 + 10). Suppose u*d + 20 = 0, v = -3*v - 3*d + 892. List the prime factors of v.
2, 113
Let i be 1/(-4)*0 - 0. Suppose 2*v - 6*v + 5*b + 33 = i, 26 = 4*v +